t is the highest common divisor of 21778456 and 224?
56
What is the highest common factor of 100596 and 12239988?
1212
Calculate the greatest common divisor of 12170 and 23020.
10
What is the greatest common factor of 19104 and 10618560?
96
Calculate the highest common factor of 10686328 and 24.
8
Calculate the greatest common factor of 514508 and 307300.
1756
Calculate the greatest common divisor of 295 and 4108625.
5
What is the highest common divisor of 2626 and 611390572?
2626
What is the highest common divisor of 77 and 3346875?
7
What is the greatest common factor of 769 and 633430683?
769
Calculate the highest common divisor of 86401 and 61.
1
Calculate the highest common factor of 4 and 7743778.
2
What is the greatest common factor of 3684 and 1642092?
12
What is the greatest common factor of 5069 and 16227102?
137
What is the greatest common divisor of 126624161 and 181?
181
Calculate the greatest common divisor of 1770 and 377370.
30
What is the highest common factor of 363 and 46232527?
121
What is the greatest common divisor of 1374035 and 585?
65
Calculate the highest common factor of 1611456 and 75306.
462
Calculate the highest common factor of 11207437 and 697.
17
What is the greatest common divisor of 5620 and 125658985?
1405
Calculate the highest common factor of 45988911 and 5130.
513
Calculate the greatest common factor of 15820 and 18758.
226
What is the highest common divisor of 1020 and 3333555?
15
What is the greatest common factor of 1182950 and 817150?
2950
Calculate the greatest common factor of 3793192 and 1417.
13
Calculate the highest common divisor of 352 and 575488.
32
Calculate the greatest common factor of 122 and 694018838.
122
Calculate the highest common factor of 15708096 and 120.
24
What is the highest common divisor of 143 and 4600420?
11
What is the highest common divisor of 13115527 and 8?
1
What is the greatest common factor of 1663 and 74084987?
1663
Calculate the greatest common factor of 56 and 122823512.
56
Calculate the greatest common factor of 22149171 and 891.
99
What is the highest common factor of 988060 and 14478580?
7780
Calculate the highest common divisor of 42549005 and 395.
395
Calculate the greatest common factor of 253 and 24723820.
11
Calculate the highest common factor of 12 and 4247988.
12
Calculate the highest common factor of 93765731 and 1922.
961
Calculate the greatest common divisor of 9834 and 162559.
149
Calculate the highest common factor of 103406290 and 20.
10
Calculate the highest common factor of 116 and 3639512.
4
Calculate the highest common factor of 1859261 and 44157.
359
Calculate the greatest common divisor of 824 and 2116753.
103
What is the greatest common factor of 59227383 and 86?
43
What is the greatest common factor of 70 and 485080?
10
What is the highest common factor of 92 and 11187154?
46
What is the highest common factor of 13568183 and 276?
23
What is the highest common divisor of 15131454 and 442?
26
What is the highest common divisor of 345 and 42925485?
15
What is the highest common factor of 790894976 and 128?
128
What is the greatest common factor of 8296 and 12218971?
1037
What is the highest common divisor of 113 and 162579089?
113
Calculate the greatest common divisor of 784 and 1438256.
16
What is the greatest common divisor of 250960645 and 13?
13
What is the greatest common divisor of 258604605 and 504?
63
Calculate the highest common divisor of 42018 and 59898.
894
What is the highest common factor of 323 and 1479697?
17
What is the highest common factor of 2808 and 38973688?
104
Calculate the highest common factor of 5412 and 209962148.
1804
Calculate the greatest common divisor of 928 and 4964452.
116
What is the highest common divisor of 4850027 and 77675?
3107
Calculate the highest common factor of 2295472 and 6352.
16
What is the greatest common factor of 19656 and 1323413?
91
What is the highest common factor of 49028 and 3122?
14
Calculate the highest common divisor of 7603935 and 735.
15
Calculate the greatest common divisor of 16943553 and 198.
99
Calculate the greatest common divisor of 190333566 and 774.
774
What is the greatest common divisor of 871072 and 68804?
668
What is the greatest common divisor of 861886 and 1557?
173
Calculate the highest common divisor of 1387787 and 14141.
179
What is the highest common divisor of 108628 and 1102140?
52
Calculate the greatest common divisor of 9776 and 734469.
47
Calculate the greatest common factor of 86880 and 36780.
60
What is the highest common factor of 2582807 and 19468?
157
Calculate the highest common divisor of 277870 and 9763.
751
What is the highest common divisor of 1336400928 and 2368?
1184
What is the highest common factor of 15 and 270586665?
15
What is the greatest common factor of 177155705 and 1005?
335
What is the greatest common factor of 21671 and 10407081?
1667
What is the greatest common factor of 1618952 and 684?
76
Calculate the greatest common factor of 119834825 and 110.
55
What is the greatest common factor of 60179745 and 765?
255
Calculate the greatest common factor of 130275 and 3240.
135
What is the highest common factor of 896 and 1946368?
128
Calculate the greatest common divisor of 12782 and 558404.
154
Calculate the greatest common factor of 770 and 4370135.
385
What is the highest common divisor of 8218711 and 692?
173
What is the highest common divisor of 258020 and 111744?
388
Calculate the highest common divisor of 114699 and 3882639.
519
Calculate the highest common factor of 1366 and 36770671.
683
Calculate the greatest common factor of 994899406 and 9654.
3218
What is the greatest common divisor of 1283604 and 10148?
236
Calculate the highest common factor of 2068 and 441967273.
517
Calculate the highest common factor of 16371783 and 9198.
657
What is the greatest common divisor of 1579818 and 15?
3
What is the greatest common divisor of 11162840 and 572?
52
What is the highest common factor of 43267 and 3082553?
883
What is the greatest common factor of 710046 and 438?
6
What is the greatest common divisor of 584592 and 1904?
16
What is the greatest common factor of 1694 and 82549159?
77
Calculate the highest common divisor of 120484491 and 15.
3
Calculate the highest common divisor of 270 and 346930.
10
What is the greatest common divisor of 19175542 and 36684?
2038
Calculate the highest common factor of 2821 and 4128761.
91
What is the highest common divisor of 3403071 and 4921?
133
What is the greatest common divisor of 550116 and 66788?
236
Calculate the highest common factor of 636 and 24672.
12
What is the highest common factor of 56191 and 500?
1
What is the highest common factor of 19648096 and 39712?
2336
What is the greatest common factor of 5005324 and 4676?
668
Calculate the greatest common divisor of 1884842 and 623.
89
What is the highest common divisor of 8244403 and 3812?
953
Calculate the highest common divisor of 68939408 and 24.
8
Calculate the highest common factor of 18039 and 191877.
21
What is the greatest common factor of 4141219 and 33649?
23
Calculate the greatest common divisor of 5736458 and 7330.
1466
Calculate the highest common divisor of 14056 and 478908.
1004
Calculate the greatest common factor of 6179013 and 44640.
279
Calculate the greatest common divisor of 8667 and 2656917.
963
Calculate the greatest common factor of 16928 and 94368.
32
What is the highest common factor of 158 and 2063832577?
79
Calculate the highest common factor of 22699 and 8.
1
What is the highest common factor of 13510152 and 918?
54
Calculate the highest common factor of 202191 and 6790944.
1671
What is the highest common divisor of 836458766 and 358?
358
Calculate the highest common factor of 2196713 and 5.
1
Calculate the highest common divisor of 39717652 and 52.
52
What is the highest common divisor of 412423 and 2431?
11
What is the highest common divisor of 56 and 30261784?
56
Calculate the greatest common factor of 14989956 and 12.
12
Calculate the highest common factor of 897066 and 2781756.
774
Calculate the highest common factor of 1973 and 119518421.
1973
What is the greatest common divisor of 270 and 7323885?
135
What is the highest common factor of 7656 and 24022788?
348
Calculate the highest common factor of 1727